871.
49
Calculate the highest common factor of 1 and 8697.
1
What is the highest common divisor of 27471 and 9?
3
What is the greatest common factor of 162322 and 879?
293
Calculate the highest common divisor of 47234 and 2599.
113
Calculate the highest common factor of 216 and 268608.
24
What is the greatest common factor of 676 and 38194?
338
What is the highest common factor of 26 and 84877?
13
What is the greatest common factor of 1703 and 2509?
13
Calculate the highest common factor of 17113 and 4239.
157
What is the greatest common factor of 1087883 and 4123?
589
What is the greatest common factor of 1025432 and 2024?
184
What is the greatest common factor of 94967 and 782?
23
Calculate the highest common factor of 1424 and 546460.
356
Calculate the highest common divisor of 403 and 559519.
31
What is the highest common factor of 27 and 550044?
27
What is the greatest common divisor of 86095 and 6939?
257
What is the greatest common factor of 1219 and 9169?
53
Calculate the highest common factor of 148 and 575572.
148
Calculate the greatest common factor of 623 and 80723.
89
What is the greatest common factor of 612437 and 91?
7
Calculate the highest common factor of 252 and 30114.
126
Calculate the highest common divisor of 14154 and 2625.
21
Calculate the highest common factor of 10375 and 913.
83
Calculate the greatest common divisor of 26244 and 2430.
486
What is the highest common factor of 8388 and 4320?
36
Calculate the highest common factor of 21715 and 14746.
101
What is the highest common divisor of 85 and 7815?
5
What is the greatest common factor of 245 and 48265?
245
What is the highest common factor of 183924 and 6?
6
Calculate the greatest common divisor of 8148 and 3612.
84
Calculate the greatest common divisor of 1532349 and 546.
273
What is the highest common factor of 864 and 954?
18
What is the highest common factor of 331 and 3410293?
331
What is the highest common factor of 35464 and 416?
104
What is the greatest common factor of 2502 and 205859?
139
Calculate the greatest common divisor of 23667 and 897.
69
Calculate the highest common factor of 1476592 and 744.
248
What is the greatest common factor of 723340 and 2360?
1180
What is the greatest common factor of 57439 and 71?
71
Calculate the greatest common factor of 4026 and 8601.
183
What is the highest common factor of 1372 and 13132?
196
What is the greatest common divisor of 270 and 146178?
54
Calculate the greatest common divisor of 36351 and 63.
63
Calculate the greatest common divisor of 71484 and 168.
84
Calculate the highest common factor of 12788 and 2116.
92
What is the greatest common divisor of 70 and 277613?
7
What is the greatest common divisor of 92183 and 182?
91
What is the highest common factor of 912 and 336?
48
What is the highest common divisor of 2268 and 2965788?
756
Calculate the greatest common divisor of 24908 and 4212.
52
What is the highest common factor of 1343110 and 190?
190
What is the highest common factor of 8256 and 640?
64
Calculate the highest common factor of 8470 and 1855.
35
What is the highest common divisor of 23 and 6121?
1
What is the highest common divisor of 18144 and 18438?
42
What is the greatest common divisor of 74536 and 11?
11
Calculate the greatest common factor of 480 and 3737520.
240
Calculate the greatest common factor of 9728 and 2755.
19
Calculate the highest common divisor of 257254 and 21096.
586
What is the greatest common divisor of 18 and 69470?
2
What is the greatest common divisor of 26864 and 552?
184
Calculate the greatest common factor of 44 and 1286912.
44
What is the highest common divisor of 896 and 201670?
14
What is the highest common factor of 4431 and 31122?
21
What is the greatest common factor of 2197 and 1183?
169
What is the highest common divisor of 2451 and 1329?
3
Calculate the highest common factor of 264 and 26184.
24
What is the highest common factor of 370745 and 15?
5
What is the highest common factor of 13176 and 50652?
108
Calculate the highest common divisor of 183158 and 272.
34
What is the highest common factor of 300 and 36780?
60
Calculate the highest common factor of 960 and 823440.
240
What is the highest common factor of 19 and 231420?
19
Calculate the highest common factor of 50 and 235225.
25
Calculate the greatest common divisor of 2455808 and 256.
256
Calculate the highest common factor of 10199 and 44932.
47
What is the greatest common divisor of 388 and 57424?
388
What is the highest common divisor of 17878 and 133?
7
Calculate the highest common divisor of 94743 and 26622.
783
What is the greatest common divisor of 35 and 95390?
5
What is the highest common factor of 43680 and 5655?
195
Calculate the highest common divisor of 50560 and 92272.
1264
What is the highest common divisor of 990071 and 107?
107
Calculate the greatest common divisor of 1220 and 50.
10
Calculate the greatest common factor of 1921 and 370866.
113
Calculate the highest common divisor of 729 and 296.
1
Calculate the greatest common divisor of 69785 and 255.
85
What is the highest common divisor of 208806 and 390?
78
What is the highest common factor of 4851 and 2871?
99
Calculate the greatest common factor of 355 and 9514.
71
What is the highest common factor of 581 and 2912?
7
What is the highest common factor of 4485 and 2079545?
1495
Calculate the highest common divisor of 744864 and 3.
3
What is the highest common divisor of 2530 and 13530?
110
Calculate the highest common divisor of 775 and 2511.
31
What is the greatest common factor of 2870 and 8774?
82
What is the highest common divisor of 16100 and 504?
28
What is the highest common divisor of 22 and 25762?
22
What is the highest common factor of 910 and 5446?
14
Calculate the greatest common factor of 48334 and 517.
11
Calculate the highest common divisor of 658472 and 424.
424
What is the greatest common divisor of 2 and 81682?
2
What is the greatest common factor of 6 and 839814?
6
What is the greatest common divisor of 6169 and 775?
31
What is the greatest common factor of 57596 and 8636?
68
What is the greatest common factor of 2304 and 528?
48
What is the greatest common factor of 96 and 139632?
48
Calculate the highest common factor of 4015 and 5335.
55
What is the highest common factor of 157651 and 20904?
871
What is the greatest common divisor of 13650 and 234?
78
What is the highest common divisor of 1249872 and 24?
24
What is the greatest common divisor of 38322 and 72?
18
Calculate the highest common divisor of 1812 and 328.
4
Calculate the highest common factor of 50747 and 2573.
31
What is the highest common divisor of 761 and 1519717?
761
What is the greatest common factor of 11710 and 30?
10
Calculate the highest common factor of 74496 and 192.
192
Calculate the greatest common divisor of 76 and 3662326.
38
What is the greatest common factor of 64 and 18400?
32
What is the greatest common divisor of 1800 and 63?
9
What is the highest common divisor of 3815 and 17222?
109
What is the greatest common factor of 102596 and 364?
52
What is the greatest common divisor of 24353 and 14?
7
What is the greatest common factor of 80 and 14970?
10
What is the highest common divisor of 488877 and 267?
267
Calculate the highest common factor of 798 and 182.
14
What is the greatest common divisor of 193908 and 2992?
44
What is the greatest common divisor of 153 and 22338?
153
Calculate the highest common factor of 3520 and 1408.
704
Calculate the highest common factor of 10 and 184.
2
What is the greatest common divisor of 88076 and 4540?
908
What is the greatest common divisor of 204412 and 260?
52
Calculate the greatest common factor of 398475 and 9.
9
What is the greatest common factor of 30213 and 1865?
373
What is the highest common divisor of 3048 and 204?
12
What is the highest common divisor of 335699 and 6664?
833
Calculate the greatest common factor of 57 and 48393.
57
Calculate the greatest common divisor of 5 and 45205.
5
Calculate the greatest common divisor of 24 and 1440060.
12
What is the greatest common divisor of 153 and 2799?
9
Calculate the highest common divisor of 65 and 38285.
65
Calculate the highest common factor of 1464738 and 66.
66
What is the highest common factor of 185836 and 7?
7
What is the g